{"id":503,"date":"2017-09-05T18:57:22","date_gmt":"2017-09-05T18:57:22","guid":{"rendered":"https:\/\/beardbrothersblog.wordpress.com\/?page_id=503"},"modified":"2019-04-04T09:53:22","modified_gmt":"2019-04-04T09:53:22","slug":"dritte","status":"publish","type":"page","link":"https:\/\/beardbrothersontour.de\/?page_id=503","title":{"rendered":"USA die Dritte"},"content":{"rendered":"<p><img loading=\"lazy\" decoding=\"async\" class=\"alignnone size-full wp-image-530\" src=\"https:\/\/beardbrothersblog.files.wordpress.com\/2017\/09\/usadritte.jpg\" alt=\"USAdritte\" width=\"1770\" height=\"1076\" srcset=\"https:\/\/beardbrothersontour.de\/wp-content\/uploads\/2017\/09\/usadritte.jpg 1770w, https:\/\/beardbrothersontour.de\/wp-content\/uploads\/2017\/09\/usadritte-300x182.jpg 300w, https:\/\/beardbrothersontour.de\/wp-content\/uploads\/2017\/09\/usadritte-768x467.jpg 768w, https:\/\/beardbrothersontour.de\/wp-content\/uploads\/2017\/09\/usadritte-1024x622.jpg 1024w\" sizes=\"auto, (max-width: 1770px) 100vw, 1770px\" \/><\/p>\n<p>Die dritte Tour steht an und wieder habe ich ein wenig Zeit in die Planung investiert.<\/p>\n<p>Start wider einmal San Francisco, welche wohl meine Lieblingsstadt wird. Ich will mehr sehen und erleben von dieser tollen Stadt. Weiter geht es Richtung S\u00fcden zum Hearst Castle, einem Schloss. Dann weiter zum Sequoia NP. Weiter Richtung Las Vegas mit einem Zwischenstop in Palmdale, gibt wohl ein paar Flugzeuge zu bewundern ;). Las Vegas ist ein muss und von hier werden wir noch ein paar Ausfl\u00fcge machen, u.a. zum Hoover Damm. Auf dem Weg zur\u00fcck nach San Francisco werden wir noch einen Anstecher nach Monterey machen und die sch\u00f6ne K\u00fcstenlandschaft genie\u00dfen.<\/p>\n","protected":false},"excerpt":{"rendered":"<p>Die dritte Tour steht an und wieder habe ich ein wenig Zeit in die Planung investiert. Start wider einmal San Francisco, welche wohl meine Lieblingsstadt wird. Ich will mehr sehen und erleben von dieser&#46;&#46;&#46;<\/p>\n","protected":false},"author":1,"featured_media":0,"parent":1518,"menu_order":5,"comment_status":"closed","ping_status":"closed","template":"","meta":{"footnotes":""},"class_list":["post-503","page","type-page","status-publish","hentry"],"jetpack_sharing_enabled":true,"_links":{"self":[{"href":"https:\/\/beardbrothersontour.de\/index.php?rest_route=\/wp\/v2\/pages\/503","targetHints":{"allow":["GET"]}}],"collection":[{"href":"https:\/\/beardbrothersontour.de\/index.php?rest_route=\/wp\/v2\/pages"}],"about":[{"href":"https:\/\/beardbrothersontour.de\/index.php?rest_route=\/wp\/v2\/types\/page"}],"author":[{"embeddable":true,"href":"https:\/\/beardbrothersontour.de\/index.php?rest_route=\/wp\/v2\/users\/1"}],"replies":[{"embeddable":true,"href":"https:\/\/beardbrothersontour.de\/index.php?rest_route=%2Fwp%2Fv2%2Fcomments&post=503"}],"version-history":[{"count":2,"href":"https:\/\/beardbrothersontour.de\/index.php?rest_route=\/wp\/v2\/pages\/503\/revisions"}],"predecessor-version":[{"id":2268,"href":"https:\/\/beardbrothersontour.de\/index.php?rest_route=\/wp\/v2\/pages\/503\/revisions\/2268"}],"up":[{"embeddable":true,"href":"https:\/\/beardbrothersontour.de\/index.php?rest_route=\/wp\/v2\/pages\/1518"}],"wp:attachment":[{"href":"https:\/\/beardbrothersontour.de\/index.php?rest_route=%2Fwp%2Fv2%2Fmedia&parent=503"}],"curies":[{"name":"wp","href":"https:\/\/api.w.org\/{rel}","templated":true}]}}