{"id":1087,"date":"2018-03-05T18:24:59","date_gmt":"2018-03-05T18:24:59","guid":{"rendered":"https:\/\/beardbrothersblog.wordpress.com\/?page_id=1087"},"modified":"2019-04-05T07:40:29","modified_gmt":"2019-04-05T07:40:29","slug":"usa-die-vierte","status":"publish","type":"page","link":"https:\/\/beardbrothersontour.de\/?page_id=1087","title":{"rendered":"USA die Vierte"},"content":{"rendered":"<p>Die Planungen f\u00fcr unsere vierte USA Reise sind im vollem Gange. Die Fl\u00fcge sind schon gebucht und die wichtigsten Orte markiert.<\/p>\n<p>Los geht es in Philadelphia, Rocky Balboa besuchen (zumindest seine Statue), es folgt Baltimore und Washington DC. Weiter geht es an der Ostk\u00fcste Richtung S\u00fcden zu unserem n\u00e4chsten Halt Charleston. Unsere Reise f\u00fchrt uns weiter nach Florida und dem s\u00fcdlichsten Teil der USA: Key West. Den Abschluss unseres Urlaubes verbringen wir dann in Miami, von wo wir auch zur\u00fcck fliegen werden.<\/p>\n<p>update&#8230;<\/p>\n<p>Nach einer unerwarteten Krankheit mussten wir leider die originale Reiseplanung \u00e4ndern und soweit erst einmal alles stornieren.<\/p>\n<p>Jetzt aber geht es wieder los und in einer leicht ver\u00e4nderten Route wieder in die USA. Dieses Mal fliegen wir aber direkt nach Miami und werden leider Washington und Philadelphia auf eine sp\u00e4tere Reise verschieben m\u00fcssen. Der Plan steht und nach Miami werden wir \u00fcber Cap Canaveral und St. Augustine nach Charleston fahren. Erst an der K\u00fcste Richtung Norden, um dann nach Key West, zum s\u00fcdlichsten Punkt der USA, zu fahren. Nach Key West werden wir den Urlaub entspannt in Miami Beach ausklingen lassen.<img loading=\"lazy\" decoding=\"async\" class=\"alignnone size-full wp-image-1125\" src=\"https:\/\/beardbrothersblog.files.wordpress.com\/2018\/10\/usa-4-2.jpg\" alt=\"USA 4-2\" width=\"653\" height=\"1127\" srcset=\"https:\/\/beardbrothersontour.de\/wp-content\/uploads\/2018\/10\/usa-4-2.jpg 653w, https:\/\/beardbrothersontour.de\/wp-content\/uploads\/2018\/10\/usa-4-2-174x300.jpg 174w, https:\/\/beardbrothersontour.de\/wp-content\/uploads\/2018\/10\/usa-4-2-593x1024.jpg 593w\" sizes=\"auto, (max-width: 653px) 100vw, 653px\" \/><\/p>\n<p>&nbsp;<\/p>\n<p>&nbsp;<\/p>\n","protected":false},"excerpt":{"rendered":"<p>Die Planungen f\u00fcr unsere vierte USA Reise sind im vollem Gange. Die Fl\u00fcge sind schon gebucht und die wichtigsten Orte markiert. Los geht es in Philadelphia, Rocky Balboa besuchen (zumindest seine Statue), es folgt&#46;&#46;&#46;<\/p>\n","protected":false},"author":1,"featured_media":0,"parent":1518,"menu_order":6,"comment_status":"closed","ping_status":"closed","template":"","meta":{"footnotes":""},"class_list":["post-1087","page","type-page","status-publish","hentry"],"jetpack_sharing_enabled":true,"_links":{"self":[{"href":"https:\/\/beardbrothersontour.de\/index.php?rest_route=\/wp\/v2\/pages\/1087","targetHints":{"allow":["GET"]}}],"collection":[{"href":"https:\/\/beardbrothersontour.de\/index.php?rest_route=\/wp\/v2\/pages"}],"about":[{"href":"https:\/\/beardbrothersontour.de\/index.php?rest_route=\/wp\/v2\/types\/page"}],"author":[{"embeddable":true,"href":"https:\/\/beardbrothersontour.de\/index.php?rest_route=\/wp\/v2\/users\/1"}],"replies":[{"embeddable":true,"href":"https:\/\/beardbrothersontour.de\/index.php?rest_route=%2Fwp%2Fv2%2Fcomments&post=1087"}],"version-history":[{"count":3,"href":"https:\/\/beardbrothersontour.de\/index.php?rest_route=\/wp\/v2\/pages\/1087\/revisions"}],"predecessor-version":[{"id":2269,"href":"https:\/\/beardbrothersontour.de\/index.php?rest_route=\/wp\/v2\/pages\/1087\/revisions\/2269"}],"up":[{"embeddable":true,"href":"https:\/\/beardbrothersontour.de\/index.php?rest_route=\/wp\/v2\/pages\/1518"}],"wp:attachment":[{"href":"https:\/\/beardbrothersontour.de\/index.php?rest_route=%2Fwp%2Fv2%2Fmedia&parent=1087"}],"curies":[{"name":"wp","href":"https:\/\/api.w.org\/{rel}","templated":true}]}}